ate the remainder when v(m) is divided by 10.
7
Suppose 26 = s + 3. Calculate the remainder when (12/5)/((-20)/(-750)) is divided by s.
21
Calculate the remainder when 8/20 + (-117247)/(-145) is divided by 14.
11
Let j = 7 + -10. What is the remainder when 78 is divided by 574/21 + j/9?
24
Let t be ((-4)/20 - -2)/((-19)/(-95)). Let y(c) = -2*c - 7*c + c + 11 + c**2. Calculate the remainder when 37 is divided by y(t).
17
Suppose 0*x = -10*x + 160. What is the remainder when 157 is divided by x?
13
Suppose -232 = -3*g + 74. Let s = -33 + 59. What is the remainder when g is divided by s?
24
Suppose 12 = -2*n + 16. Let a = -4 - -8. What is the remainder when a is divided by n?
0
Let p(v) = -4*v**3 - v. Let l be p(-1). Let m = l + 8. What is the remainder when 3/((-3)/((-204)/4)) is divided by m?
12
Suppose -f - 4*f + 205 = 5*w, -4*w = -5*f + 160. What is the remainder when f is divided by (15 + 1 - -3)/1?
17
Let s(v) = 211*v**3 - 4*v**2 - 5*v - 2. Let i be s(-3). Let j be i/(-99) + (-2)/(-9). Suppose 4*n = 6*n - j. Calculate the remainder when n is divided by 10.
9
Let h be (-3 - -9)/(-1 + 3). Suppose -5*o + 0*o + h*n + 50 = 0, o = -5*n + 10. Calculate the remainder when o is divided by 6.
4
Let s(b) = 3*b**2 + 2*b - 3. Suppose 2*o = l - 12, -68 + 14 = -5*l + 4*o. What is the remainder when s(-4) is divided by l?
7
Suppose -b + 3*b = -w + 30, 4 = -2*w. Let p be (-2)/8 + (-338)/(-8). Suppose -3*r + 147 + p = 0. What is the remainder when r is divided by b?
15
Let h(r) = r**3 + 4*r**2 - 16*r + 3. What is the remainder when 214 is divided by h(-6)?
25
Let w(x) = -x**2 - 8*x - 2. Let v be w(-6). What is the remainder when ((-14)/5)/((-1)/v) is divided by 8/20 - (-31)/((-2170)/(-672))?
8
Suppose -2*k + 26 = -40. Let r(v) = -13*v + 9. Let o be r(4). Let a = -26 - o. What is the remainder when k is divided by a?
16
Calculate the remainder when (1 + 787)/4 - 18/3 is divided by 51.
38
Let a = 147 + -109. What is the remainder when a is divided by 21?
17
Let m be 8/20 + (-33)/(-5). Suppose d + d - 4*g + 12 = 0, -3*d - 2*g + 22 = 0. Suppose 0 = -d*i + m*i - 54. What is the remainder when 52 is divided by i?
16
Let q(h) = -23*h**2 + 14 + 25*h**2 + 12. Let w = 66 - -37. What is the remainder when w is divided by q(0)?
25
Let d = 18 + -13. What is the remainder when ((-8)/(-10))/(8/160) is divided by d?
1
Suppose 0 = f + 2*b - 30, -2*f - 6*b = -3*b - 65. What is the remainder when f is divided by 31?
9
Let h(p) = -p**2 + 9*p - 7. Suppose -2*v + 10 = 0, 5*m - 10 = -2*v + 7*v. Calculate the remainder when 46 is divided by h(m).
4
Let r(b) = 117*b - 1122. Calculate the remainder when 160 is divided by r(10).
16
Let g(m) = 2*m - 29. Let n be g(12). What is the remainder when (-3 - n/5) + 73 is divided by 18?
17
Let l = -333 + 378. Calculate the remainder when l is divided by 10.
5
Let g = 23 + 60. What is the remainder when 246 is divided by g?
80
Suppose v = -5 - 3. Let b = 11 + v. Suppose 20*j + 1 = 2 + 39. Calculate the remainder when b is divided by j.
1
Calculate the remainder when 89 is divided by 12/48*28 - (1 - 26).
25
Let t(d) = 5*d**2 - 8*d - 1. Let u be t(-4). What is the remainder when u*(-4)/(-12) - 3 is divided by 7?
6
Let a = 26 - 18. Let z = -4 + a. Suppose -z*m + 52 = 8. What is the remainder when 32 is divided by m?
10
Let f be 2/(16/(-10))*-16. Let w = -9 + f. Let h = w - 4. Calculate the remainder when 18 is divided by h.
4
Suppose 4 = -3*q + 49. Suppose q*s + 120 = 20*s. What is the remainder when 115 is divided by s?
19
Suppose -w + 3*w - 4 = 0. Suppose -16 = -21*k - 79. Calculate the remainder when 74 - (k - (w - 4)) is divided by 19.
18
Suppose -4*g + 37 = -31. Calculate the remainder when 87 is divided by g.
2
Let a be (24/15 + -1)*15. Let t(k) = -k + 13. Let g be t(a). Suppose -5*l + 295 = -5*x, 2*l - g*l + 118 = -5*x. What is the remainder when l is divided by 15?
14
Suppose -2*t + 2 = -0. Suppose f = -t + 4. Calculate the remainder when 14 + (4 + -3 - 3) is divided by f.
0
What is the remainder when 143 is divided by (21/(-35))/(((-14)/(-30))/(-7))?
8
Let v(z) = -6*z + 10. Suppose -2 + 87 = 5*d. What is the remainder when v(-6) is divided by d?
12
Let j = -8 + 14. Suppose 48 = 16*i - 80. Suppose -u - l + i + 3 = 0, u + 2*l = j. What is the remainder when u is divided by 9?
7
Let s(r) = -3*r - 27. Let h be s(-11). Let u(z) = z**3 - 5*z**2 + 5. What is the remainder when u(h) is divided by 11?
8
Let g(n) be the first derivative of 2*n**3/3 + n**2/2 + 167*n + 31. Calculate the remainder when g(0) is divided by 42.
41
Suppose -20*z + 408 - 28 = 0. Let x be (1*(2 + -8))/(-2). Let g(l) = 24*l + 1. Calculate the remainder when g(x) is divided by z.
16
What is the remainder when (-3 + -511)/(8 + -9) is divided by 47?
44
Suppose 44 = 14*y - 124. What is the remainder when 45 is divided by y?
9
Let u(w) be the second derivative of 3/2*w**2 - 1/6*w**3 - 7*w + 1/12*w**4 + 0. Calculate the remainder when 34 is divided by u(3).
7
Suppose -4*g + 6*g + 30 = 0. Let y(d) = -d**2 - 16*d - 4. What is the remainder when 54 is divided by y(g)?
10
Suppose -179 = -5*j - 74. Suppose -70*i - 3968 = -41*i - 93*i. What is the remainder when i is divided by j?
20
Let y = 79 - 34. Calculate the remainder when y is divided by 6.
3
Let t(j) = 9*j**3 - j**2 + j + 2. What is the remainder when 12/((-12)/(-3)) - -51 is divided by t(1)?
10
Let r(m) = -m**3 - m**2 - 1. Let l(g) = 5*g**3 + 2*g**2 + 63. Let q(x) = l(x) + 4*r(x). What is the remainder when q(0) is divided by 20?
19
What is the remainder when 440 is divided by 2/7 + 8/(168/1317)?
62
What is the remainder when 71 is divided by 20 - (2 - -9) - 1?
7
Suppose -g + 12 = g. Suppose -5*l + 4*i = -1, -g*l - 3*i = -3*l - 6. What is the remainder when 15 is divided by 5*l - 12/12?
3
Let z(o) = o**2 + 29*o - 40. Calculate the remainder when 108 is divided by z(-31).
20
Let w be (-2)/(1 + 42/(-35)). Let v be (1/(-2))/(1/(-10)). Let j = w + v. Calculate the remainder when 57 is divided by j.
12
Let y = 409 + -379. Calculate the remainder when y is divided by 20.
10
Suppose -4*o = 0, -4*r + 2*r + 70 = -o. Let g(w) = 17*w**3 + w**2. Calculate the remainder when r is divided by g(1).
17
Let q(i) = -2*i**2 + 22*i - 15. Let a be q(10). Suppose a*w + g + 22 = 0, -w + 0*w - 6 = g. What is the remainder when w/(-8)*8 + 1 is divided by 5?
0
Let x(g) = -7*g + 54. Let r be x(7). Suppose -2*o = -4*p + 217 - 33, -r*o = -5*p + 225. What is the remainder when 184 is divided by p?
43
Suppose -5*n = -4*n - 4. Let m = n - 0. Suppose -m*q = -7 - 45. Calculate the remainder when 25 is divided by q.
12
Let y be 2*(2 + (-195)/6). Let u = -40 - y. Calculate the remainder when u is divided by 6.
3
Suppose -10 = -5*v - 0*v. Let k(s) = 9*s**2 + 3*s - 7. What is the remainder when k(v) is divided by 12?
11
Suppose -7*y + 20 = -3*y. Let x(l) = -l**3 + 4*l**2 + 7*l + 10. Calculate the remainder when x(y) is divided by 8.
4
Let m = -33 + 28. Suppose 0 = -5*l + 3*x + 333, -l - 4*l = -2*x - 332. Calculate the remainder when l is divided by (-87)/m + (-4)/10.
15
Let j = -60 + 136. What is the remainder when j is divided by 20?
16
Let j(a) = a**2 + a - 3. Let u be j(0). Suppose 3*g - 18 = 5*m, 0*g - g = -4*m - 6. Let s = u + g. Calculate the remainder when s is divided by 3.
0
What is the remainder when 40 + -1 - -14*13/(-91) is divided by 13?
11
Suppose -5*i - 12 + 1 = -2*p, 2*i = -5*p - 16. Let r be ((-2)/p*-1)/1. What is the remainder when 31*(-3 - -2)*r is divided by 16?
15
Suppose 12*x - 10*x = 0. Let w be x*-3*(-1)/(-3). Suppose w*t + 3*t = 15. What is the remainder when 9 is divided by t?
4
Suppose 0 = -8*i + 144 - 384. What is the remainder when 139 is divided by 15/i + 95/2?
45
Let v = -8 - -15. Let q(o) = -8*o - 27. Let r be q(-7). Suppose 5*y - 85 = 5*d, 8*d - 4*d + r = y. Calculate the remainder when y is divided by v.
6
Let c(k) be the third derivative of -k**4/24 + 3*k**3/2 - 6*k**2. Let t be c(4). Let y = t + 5. What is the remainder when 17 is divided by y?
7
Suppose -5*t = -x - 8, -12 = x - 6*x - t. Suppose q - 67 = 5*u, 0*u + 94 = x*q - 2*u. What is the remainder when q is divided by 2/(-4) - 90/(-4)?
20
Suppose -124*l = -34*l - 3960. Suppose -3*t + 174 = -2*t. Calculate the remainder when t is divided by l.
42
Suppose 2445 = 10*v - 13